when 2885257 is divided by 45?
37
Calculate the remainder when 56037 is divided by 11037.
852
Calculate the remainder when 449991 is divided by 56248.
7
Calculate the remainder when 65148 is divided by 4838.
2254
Calculate the remainder when 409428786 is divided by 21.
18
What is the remainder when 10090520 is divided by 5353?
115
Calculate the remainder when 137130 is divided by 19570.
140
Calculate the remainder when 1184257 is divided by 394713.
118
What is the remainder when 321243 is divided by 96?
27
Calculate the remainder when 13223616 is divided by 1652949.
24
Calculate the remainder when 192397 is divided by 334.
13
Calculate the remainder when 3291326 is divided by 3805.
1
What is the remainder when 1514356 is divided by 68?
64
Calculate the remainder when 98710286 is divided by 2597639.
4
What is the remainder when 479697 is divided by 3055?
62
Calculate the remainder when 10976521 is divided by 217.
10
What is the remainder when 45980747 is divided by 3875?
3872
Calculate the remainder when 18536580 is divided by 264808.
20
Calculate the remainder when 19028 is divided by 1176.
212
What is the remainder when 49275 is divided by 563?
294
Calculate the remainder when 352401 is divided by 666.
87
What is the remainder when 253534 is divided by 17980?
1814
Calculate the remainder when 580519 is divided by 99.
82
What is the remainder when 50430873 is divided by 1371?
9
What is the remainder when 4123049 is divided by 1030761?
5
Calculate the remainder when 1142768 is divided by 126974.
2
Calculate the remainder when 68211838 is divided by 5188.
14
What is the remainder when 57695 is divided by 19060?
515
Calculate the remainder when 299006288 is divided by 8081251.
1
What is the remainder when 1322339 is divided by 209?
205
Calculate the remainder when 32884523 is divided by 349.
347
What is the remainder when 869731 is divided by 190?
101
Calculate the remainder when 265192248 is divided by 3849.
3846
What is the remainder when 742337 is divided by 1019?
505
Calculate the remainder when 11939 is divided by 1920.
419
Calculate the remainder when 4307400 is divided by 287138.
330
What is the remainder when 63326898 is divided by 101?
100
Calculate the remainder when 152893 is divided by 642.
97
Calculate the remainder when 17663440 is divided by 9.
4
What is the remainder when 1346489 is divided by 45?
44
Calculate the remainder when 92545 is divided by 230.
85
What is the remainder when 59848288 is divided by 31?
29
Calculate the remainder when 99729 is divided by 99676.
53
What is the remainder when 19506758 is divided by 115?
113
Calculate the remainder when 1408818 is divided by 156535.
3
What is the remainder when 41792 is divided by 3793?
69
Calculate the remainder when 483882 is divided by 3967.
3875
What is the remainder when 842532 is divided by 1292?
148
What is the remainder when 3902741 is divided by 917?
906
What is the remainder when 500726 is divided by 22749?
248
What is the remainder when 25608401 is divided by 131?
128
Calculate the remainder when 3007891 is divided by 570.
1
What is the remainder when 4730809 is divided by 1333?
1325
Calculate the remainder when 2533102 is divided by 382.
60
Calculate the remainder when 119901 is divided by 6653.
147
What is the remainder when 1485204 is divided by 334?
240
Calculate the remainder when 17406368 is divided by 5802099.
71
What is the remainder when 2597939 is divided by 5025?
14
What is the remainder when 144104 is divided by 344?
312
What is the remainder when 889807 is divided by 6598?
5675
What is the remainder when 15580936 is divided by 158989?
14
Calculate the remainder when 25388301 is divided by 3626899.
8
Calculate the remainder when 42377 is divided by 11519.
7820
Calculate the remainder when 114935 is divided by 840.
695
What is the remainder when 238359076 is divided by 691?
8
Calculate the remainder when 23026 is divided by 10580.
1866
Calculate the remainder when 26409651 is divided by 3082.
3075
What is the remainder when 4664846 is divided by 354?
188
Calculate the remainder when 6934660 is divided by 1070.
1060
Calculate the remainder when 4058611 is divided by 3690.
3301
Calculate the remainder when 561157 is divided by 649.
421
What is the remainder when 635788 is divided by 3493?
62
Calculate the remainder when 87549233 is divided by 14.
9
Calculate the remainder when 15211299 is divided by 1070.
179
What is the remainder when 588244 is divided by 16340?
4
Calculate the remainder when 24290 is divided by 41.
18
What is the remainder when 1014946 is divided by 116?
62
Calculate the remainder when 247759 is divided by 920.
279
What is the remainder when 28129 is divided by 1628?
453
Calculate the remainder when 329542 is divided by 329513.
29
What is the remainder when 26786 is divided by 1004?
682
Calculate the remainder when 46322221 is divided by 23161085.
51
What is the remainder when 5487766 is divided by 21?
4
Calculate the remainder when 1200879 is divided by 19369.
1
What is the remainder when 1590008 is divided by 470?
468
Calculate the remainder when 83631242 is divided by 1933.
1930
Calculate the remainder when 651552657 is divided by 3564.
3561
What is the remainder when 6211027 is divided by 1552755?
7
What is the remainder when 2392700 is divided by 1846?
284
What is the remainder when 8534888 is divided by 4267438?
12
What is the remainder when 2817419 is divided by 7?
3
Calculate the remainder when 1078135 is divided by 268.
239
What is the remainder when 9008616 is divided by 78?
6
What is the remainder when 1305866 is divided by 19768?
1178
What is the remainder when 129920 is divided by 107?
22
What is the remainder when 687926 is divided by 243?
236
Calculate the remainder when 60354261 is divided by 22.
11
What is the remainder when 4019116 is divided by 4019078?
38
What is the remainder when 399589 is divided by 12?
1
Calculate the remainder when 689153 is divided by 6207.
176
Calculate the remainder when 31105148 is divided by 144.
140
Calculate the remainder when 187933 is divided by 48.
13
What is the remainder when 2548615 is divided by 1039?
987
What is the remainder when 203462 is divided by 591?
158
Calculate the remainder when 16446 is divided by 639.
471
Calculate the remainder when 5457186 is divided by 341074.
2
Calculate the remainder when 37356657 is divided by 684.
681
Calculate the remainder when 296803 is divided by 894.
889
What is the remainder when 1786 is divided by 1047?
739
What is the remainder when 1304507 is divided by 649?
17
What is the remainder when 944556 is divided by 2738?
2684
Calculate the remainder when 52334 is divided by 16065.
4139
Calculate the remainder when 1762828 is divided by 282.
46
What is the remainder when 10910 is divided by 1597?
1328
Calculate the remainder when 71300 is divided by 4200.
4100
Calculate the remainder when 39523469 is divided by 13174436.
161
Calculate the remainder when 125039303 is divided by 267.
266
Calculate the remainder when 117566 is divided by 117253.
313
What is the remainder when 23516211 is divided by 5879051?
7
What is the remainder when 339359 is divided by 411?
284
Calculate the remainder when 4278150 is divided by 2023.
1528
Calculate the remainder when 120050 is divided by 896.
882
Calculate the remainder when 462987 is divided by 101.
3
What is the remainder when 1904084 is divided by 1904082?
2
What is the remainder when 42825 is divided by 42148?
677
What is the remainder when 5780556 is divided by 94?
26
What is the remainder when 708776766 is divided by 4943?
4939
What is the remainder when 41612 is divided by 1261?
1260
What is the remainder when 12647040 is divided by 774?
654
Calculate the remainder when 10175684 is divided by 3391884.
32
What is the remainder when 1316253 is divided by 1867?
18
Calculate the remainder when 2592546 is divided by 10370.
46
What is the remainder when 1597711 is divided by 120?
31
Calculate the remainder when 2032019 is divided by 25.
19
Calculate the remainder when 165759 is divided by 154054.
11705
Calculate the remainder when 499905 is divided by 14283.
0
What is the remainder when 4746541 is divided by 9236?
8473
What is the remainder when 638934 is divided by 15565?
769
What is the remainder when 147